h + 2. What is the tens digit of b?
9
Suppose 5*j + 0*k - 3*k = 223, 174 = 4*j + 2*k. What is the tens digit of j?
4
Let b(k) = k**3 + 10*k**2 - 2*k + 10. Let x be b(-10). Suppose -51 = -3*r + x. What is the units digit of r?
7
Suppose 7 = 2*p - 29. What is the tens digit of p?
1
Let f = 180 + 91. What is the units digit of f?
1
Let f(v) = v**3 + 4*v**2 - 7*v - 2. Suppose j - 7 = -1. Let z be (j/(-2))/(-3)*-5. What is the units digit of f(z)?
8
Suppose -s = -4*l - 139, 258 = 2*s - 4*l - 0*l. What is the units digit of s?
9
Let c = 19 + -10. Let x(l) = 1 + l**2 + c*l - 7*l**2 - 3*l - l**3. What is the units digit of x(-7)?
8
Let k = -4 + 6. Let w(j) = 0 - 4 - 4*j + k*j. What is the units digit of w(-4)?
4
Let y = 22 + -21. What is the units digit of y?
1
Let u(s) be the third derivative of -7/24*s**4 + 1/6*s**3 + 0 + 0*s + s**2. What is the tens digit of u(-3)?
2
What is the units digit of ((-21)/(-4))/(6/56)?
9
Suppose 1410 = 12*p - 7*p. What is the units digit of 3/(-15) + p/10?
8
Let t = -19 + 36. Suppose 5*c + t = 2*k, 4*k + 4*c - 2*c + 2 = 0. What is the units digit of k?
1
Let a(b) = b**2 - 7*b + 4. Let h be a(7). Suppose 15 = 5*f, h*x = 2*f + 5 + 21. What is the units digit of x?
8
Let n = -15 - -29. Suppose -2*k - 4*j = -0*k + n, 5*k + 4*j + 5 = 0. Suppose t - k - 3 = 0. What is the units digit of t?
6
Let g = -9 - -14. Suppose -g*l - 8 = -73. What is the units digit of l?
3
Let n = -16 - -27. Let i = 4 + 0. Suppose n = i*h - 41. What is the tens digit of h?
1
Suppose 4*g - 1 - 7 = 0. Suppose 1 = -4*v + r - 25, -g*r = 2*v + 8. What is the units digit of (14/v)/(4/(-12))?
7
What is the hundreds digit of 11*(-3 + -1 + 3)*-20?
2
Let w be (-3)/(-4) + (-26)/(-8). Suppose 14 = w*k - 70. What is the units digit of k?
1
Suppose -3*d + 0*d = -9. Suppose d*a + 2*a - 50 = 0. What is the units digit of a?
0
Let q = 4 - 5. Let p = q - -7. What is the units digit of (-50)/(-6) - (-4)/p?
9
Let b(s) = 9*s - 2. Let v(a) = 9 + 2*a - 5*a - 8. Let q(z) = 2*b(z) + 7*v(z). What is the units digit of q(-4)?
5
What is the tens digit of ((-8)/(-16))/((-1)/(-72))?
3
Let u be 80/24*6/(-5). What is the units digit of 1 + -1*(u + 1)?
4
Suppose 61 + 15 = 2*a. What is the units digit of a/6*(-3)/(-1)?
9
Let g be (-2)/(-7) - (-183)/21. Let i(b) = b - 5. What is the units digit of i(g)?
4
Let d(y) = y**3 - 5*y**2 + 7*y + 6. What is the units digit of d(6)?
4
Suppose -4*f + 373 = -k, -4*f = -5*f - 2*k + 100. Suppose 39 - f = -5*s. What is the units digit of s?
1
Suppose -4*g + 16 + 28 = 0. What is the units digit of g*(-3)/2*-2?
3
Let f be (5/(-2))/(-5)*0. Let y be (f/(-2))/2 - -3. Suppose 22 = 3*m + 2*b, 2*m + b - y = 13. What is the tens digit of m?
1
Suppose 3*g = -3 + 21. Suppose 2*u = 5*c - 18, -3*u - g = 5*c + u. Suppose 2*q = -c*o + 12, -15 = -3*o - 0*q - 2*q. What is the units digit of o?
3
Let t(c) = -5*c**2 + 24*c - 21. Let m be 212/20 + (-2)/(-5). Let p(v) = -v**2 + 5*v - 4. Let b(q) = m*p(q) - 2*t(q). What is the units digit of b(6)?
4
Suppose j - 7 = -2*c + c, 2*j + 1 = 3*c. What is the tens digit of (60 + -9)/(6/j)?
3
Let w be (-2)/(-3 + (-58)/(-18)). What is the tens digit of (-904)/(-18) + 2/w?
5
Let i(g) = 3*g**2 - 2*g - 9. What is the tens digit of i(-4)?
4
Let s(y) = 4*y + 5. Let k be s(-4). Let f = -7 - k. What is the units digit of f?
4
Let s = -19 - -47. What is the tens digit of s?
2
Let z(p) = -2*p - 7. Let q = 7 + -3. Suppose -2*n - 2*n = q, -n = -4*i - 19. What is the units digit of z(i)?
3
Let b(u) = u**2 + 5*u - 2. Let f be b(3). Suppose f = 4*g - 18. Suppose -g = 2*a - 3*a. What is the tens digit of a?
1
Let j = 6 - 2. Suppose j*u + g - 12 = 15, 3*g - 32 = -5*u. What is the units digit of u/(-2*2/(-4))?
7
Suppose 5*i = -2*n + 379, 2*n - 54 - 301 = 3*i. What is the tens digit of n?
8
Suppose 0 = -5*k, 2*k + 3*k = 3*i - 636. What is the units digit of i?
2
Let b(g) = g**2 - 6*g + 9. Let x be b(6). Let l be (x/(-4))/((-12)/(-32)). Let v = l - -11. What is the units digit of v?
5
Suppose -4*q - 17 = -253. Suppose 0 = 5*o - q - 41. Suppose -1 = h + 2*r + 1, -r = 4*h - o. What is the units digit of h?
6
Let u(p) = p + 1. Let d be u(0). Let s be 2*3*d/6. Suppose -2*f = -7 - s. What is the units digit of f?
4
Suppose 3*z - 8 - 4 = 0. What is the units digit of 8/z + -4 - -23?
1
Let i(q) = q**2 - 2*q + 3. Let l be i(6). Let a = 49 - l. What is the tens digit of a?
2
Suppose -j - 16 = -39. What is the units digit of j?
3
Suppose g + 4*g + 95 = 0. Let q = g + 48. Suppose 4*k - 16 = 0, -39 = -4*d - k + q. What is the tens digit of d?
1
Let m(j) = -2*j**3 + 10*j**2 + 11*j + 10. Let n(k) = k**3 - 11*k**2 - 12*k - 9. Let x(c) = 2*m(c) + 3*n(c). What is the tens digit of x(-12)?
1
Let z be 0/3 - (0 - 4). What is the units digit of 1 + 13 + z + -1?
7
Let a = -92 + 132. Let q = a + -10. What is the tens digit of q?
3
Suppose 0 = -x + 5, -x = 3*f - 0*x - 212. What is the units digit of f?
9
Let i(u) = -u - 1. Let v be i(-4). Let p(c) = -c + 1. Let t be p(v). Let m = 7 + t. What is the units digit of m?
5
Suppose -2*h = 2 - 8. Suppose -5*n = -h*o - 20, 0 = -0*n + 5*n + 4*o + 15. Let s = n + 10. What is the units digit of s?
1
Let d be (-2)/7 - 270/(-63). Let z = 13 + d. What is the tens digit of z?
1
Let q be (-5)/(-3) + (-2)/(-6). Let p(w) = -15 + 7*w - w**q + 25 + 0*w**2. What is the units digit of p(8)?
2
Let w be 1 + (33*1 - 1). Suppose 0 = -b - 2, 3*b - 15 = -z - 0*b. Let t = w - z. What is the units digit of t?
2
Let r(d) = 3*d + 7. What is the tens digit of r(5)?
2
Let k be 2/(-7) - (-90)/21. Let b = -31 + 51. Suppose -b = -k*l + 4. What is the units digit of l?
6
Suppose 3*o - 4 = -o, 4*o = p - 161. What is the units digit of p?
5
Let u = -8 - -1. Let v(y) = 7*y**3 + y**2 - 8. Let p(l) = -15*l**3 - l**2 + 16. Let z(a) = -6*p(a) - 13*v(a). What is the units digit of z(u)?
8
Suppose p + 30 - 73 = -4*h, h + 257 = 5*p. What is the tens digit of p?
5
Suppose -4*m = -866 - 790. What is the hundreds digit of m?
4
Let r(y) = 11*y - 6. Let i(h) = -10*h + 5. Let p(s) = 6*i(s) + 5*r(s). What is the units digit of p(-2)?
0
Let l be (-12 + 8)/(-3 - -1). Suppose -5*z - f - 2*f + 160 = 0, 0 = -4*z + l*f + 106. What is the units digit of z?
9
Let d(k) be the second derivative of -k**4/12 + k**3/3 + 2*k**2 + k. Let c be d(4). Let r = c + 9. What is the units digit of r?
5
Suppose -4*j + 12 + 26 = -n, n + 29 = 3*j. Let k = 6 + -1. Suppose -k*h + 24 = j. What is the units digit of h?
3
Let y(d) = 2*d**2 + 7*d + 14. Let r be y(-10). Suppose -15 = -3*a, 4*t + 0*t + 4*a - r = 0. What is the tens digit of t?
3
Suppose -3*z = 5*y + 22, 0 = 3*z - 5*y - 5 - 23. What is the units digit of z?
1
Let g = 7 + 11. What is the units digit of g?
8
Let t(h) = -3*h - 3. Let p be t(-3). Suppose 2*c - p*c + 52 = 0. What is the units digit of c?
3
Suppose 0 = 3*q - 6 - 3. Let h = 16 + -8. What is the units digit of (h/(-6))/((-2)/q)?
2
Suppose -42 + 6 = -p. What is the units digit of p?
6
Suppose 0*z + 2*z + 8 = -3*a, 3*z = 6. What is the units digit of (a - -3)/((-2)/26)?
3
Let q(s) = -s**3 + 13*s**2 - 13*s + 15. Suppose -4*n + 41 = 2*a - 9, 4*a + 20 = 2*n. What is the units digit of q(n)?
3
Let x(t) = -2*t + 3. What is the units digit of x(-6)?
5
Let k(h) be the second derivative of h**3/6 + 2*h. What is the units digit of k(6)?
6
Suppose -2*c = 3*q + q + 498, -9 = -3*c. What is the tens digit of (-6)/4 - q/4?
3
Suppose 6 = -4*y + 7*y. Let p be 2 + 0 + y/2. Suppose -12 = -3*q + 4*u, -p*q + 5*u = -11 - 1. What is the units digit of q?
4
Let g(l) = -6*l**3 - 2*l**2 - 4*l + 1. What is the units digit of g(-2)?
9
Let l(h) = -15*h - 1. What is the tens digit of l(-2)?
2
Let t = 17 - 34. Let d = -6 - t. Suppose 0*u = -x - u + d, 10 = -5*u. What is the tens digit of x?
1
Suppose 79 = 2*k + 3*v, -2*v - 4 = 2. What is the tens digit of k?
4
Suppose 245 = 6*j - 3*j + q, 410 = 5*j + 2*q. Suppose 4*k = -4*x + 40, j - 6 = 5*x - k. Let l = -8 + x. What is the units digit of l?
6
Let y(n) = 5*n - 9. Let h be y(8). Suppose 0 = 5*b - h + 1. What is the units digit of b?
6
What is the tens digit of 1694/26 - (-4)/(-26)?
6
Let z(m) = m**2 - 8*m + 5. What is the hundreds digit of z(-8)?
1
What is the tens digit of -1 - -2 - 3 - -36?
3
Suppose 4*b - 1118 = 310. What is the tens digit of b?
5
Let y(v) = v*